 digit of l?
7
What is the hundreds digit of 7 + -2 - ((-1 - -2) + -210)?
2
Let p(o) = 450*o**3 + 2*o - 1. Let u be p(1). Suppose -8*y = -133 - u. What is the tens digit of y?
7
Let s(f) = -17*f**2 - 12*f + 20. Let w be s(6). What is the tens digit of 1 - ((-1)/((-2)/w) - -4)?
2
Suppose -d + 2*z = -303, -3*z = -5*d - 4*z + 1570. Suppose d = 3*r + 28. What is the tens digit of r?
9
Let q(c) = -c**3 - c**2 + 2. Let z be q(0). Let i be 1/(-3)*(z + -14). What is the units digit of (-290)/(-14) - i/(-14)?
1
What is the tens digit of (6 - 0)/(1 - 1485/1507)?
1
Suppose 16 = 4*r - 20*r. Suppose 4*h + 41 = -23. What is the units digit of (-7 + 6)*(r + h)?
7
Let o(i) = i**3 - 8*i**2 - 9*i + 12. Let u be o(9). Let b(w) = 5*w + 18. What is the tens digit of b(u)?
7
Let z be 538/(-9) + (-2)/9. Let o be 1/3*z/(-10). Suppose -o*r + 79 - 31 = 0. What is the units digit of r?
4
What is the units digit of 225/(-50)*(-344)/18?
6
Let x(b) = 7*b + 10. Let u(r) = 13*r + 20. Let a(h) = 6*u(h) - 11*x(h). Let m be a(-8). Suppose -5*g + m = -63. What is the tens digit of g?
1
Suppose 40*b + 19*b = 531. What is the units digit of b?
9
What is the hundreds digit of 320/(-56) + 6 + (-3664)/(-14)?
2
Suppose -d - 5 = -4*j, 3*j + 15 = -2*d + 5. What is the tens digit of (67 + (d - -2))/1?
6
Suppose -5*i = 0, -4*i + 5196 = -5*j + 22826. What is the units digit of j?
6
Suppose -3*c - 5265 = 4*y - 8*y, 3948 = 3*y - 2*c. Suppose 18*t - 12*t - y = 0. What is the units digit of t?
9
Suppose -4*g = 2*g - 12. What is the units digit of ((-1)/g)/(1/(-38))?
9
Let h be (-3 + 2)/((-2)/(-30)). Let d = h + 13. What is the tens digit of -21*(-3 + d + 4)?
2
Suppose 5*w - 11 = 349. Suppose 8*s - 237 - 19 = 0. Suppose -2*b = -s - w. What is the tens digit of b?
5
Suppose 2*o = 5*j + 6*o - 36, 3*o - 8 = j. Suppose 0 = -j*q - 0*q + 256. Suppose 10 = -3*c + q. What is the tens digit of c?
1
Let h = 6098 - 4001. What is the thousands digit of h?
2
Suppose 5*s = -5*t + 55, -2 = 3*s - 5. Suppose -c + t = 2. What is the units digit of 450/27 - c/(-6)?
8
Let s(f) = -21*f**3 + 10 + 6 - 13*f**2 + 20*f**3 - 11*f - 10*f. What is the units digit of s(-11)?
5
Suppose -9*n - n + 11980 = 0. What is the tens digit of n?
9
What is the units digit of (462/4)/((216/64)/9)?
8
Let y be -12*((-26)/6 + 1*4). Suppose 5*w + 101 - 848 = -y*z, 3*w = 4*z - 755. What is the units digit of z?
8
Suppose -5*h = 25, 2*c - h + 25 = -6*h. Let z(y) = -y**3 - 2*y**2 - 4*y + 24. What is the tens digit of z(c)?
2
Let s(c) = -c**3 + 7*c**2 - 10*c - 43. What is the hundreds digit of s(-6)?
4
Let a(o) = 31*o - 2 + 40*o + 1. Let m be a(1). Suppose -4*z = z - m. What is the units digit of z?
4
Let g(f) be the first derivative of -f**5/20 - 5*f**4/12 - f**3 - 7*f**2/2 - 5*f - 6. Let p(m) be the first derivative of g(m). What is the tens digit of p(-5)?
2
What is the tens digit of (498/15)/(8/20)?
8
Let t = 38 - 28. Suppose -t*o = -6*o + 12. What is the tens digit of 170*(o + (-85)/(-25))?
6
Suppose -56 = -z - 3*d + 111, -3*z + 501 = d. What is the tens digit of z?
6
Let k be 3*(-2)/9*15. Let s(z) = z**3 + 10*z**2 - 7*z - 9. What is the tens digit of s(k)?
6
Let k = 331 + 91. What is the tens digit of k?
2
Let w = 1501 - 1024. What is the tens digit of w?
7
Let u(v) be the first derivative of -v**4/4 - 4*v**3/3 - 3*v**2/2 - 3*v + 13. What is the tens digit of u(-6)?
8
Let a be (-2)/(0 + 2/(-28)). Suppose -a = -j + 2. Suppose o - 3*o = -j. What is the tens digit of o?
1
Suppose -f + 2*b + 1073 = 0, 5*f - 3526 = 3*b + 1832. What is the tens digit of f?
7
Suppose 0 = -x + 2*h + 1369, -2*x - 3*h = -7*x + 6859. What is the units digit of x?
3
Let c = 11 - 8. Suppose -63 - 39 = -c*w. Suppose 5*k - 66 = w. What is the tens digit of k?
2
Let s = -13 + 18. Let x(y) = 2*y - 6. Let z be x(s). Suppose 0 = 2*u + z*r - 118, -14 - 31 = -u + 5*r. What is the units digit of u?
5
Suppose 0 = -36*p + 29*p + 3780. What is the units digit of p?
0
Let g(t) be the first derivative of -t**4/4 - 4*t**3/3 + t**2/2 + 3*t - 9. What is the tens digit of g(-5)?
2
Let f = -26 - -28. What is the units digit of (12/(-8) + f)*38?
9
Suppose -2*t + 4*c + 2100 = 0, -16*c = -t - 21*c + 1057. What is the thousands digit of t?
1
Suppose -871 = 18*r - 19*r + 5*d, -r = 2*d - 850. What is the hundreds digit of r?
8
Let u(m) = 990*m - 51. What is the hundreds digit of u(1)?
9
Suppose 1442 = 18*f + 344. What is the tens digit of f?
6
Let z(b) = -b**3 + 11*b**2 - 7*b - 2. Let g be z(10). Let i(m) = 1 + 6*m**2 - m**3 + 2 - 32*m + g*m. What is the units digit of i(4)?
9
Suppose 5*t = 40 - 10. Let m be ((-231)/14)/((-1)/t). Suppose -3*c + 72 = -m. What is the tens digit of c?
5
Let q(r) = -r**3 - 10*r**2 + 12*r + 11. Let b be q(-11). Let i(u) = u**2 - u. Let y be i(b). What is the tens digit of (-23)/(1 + y)*-1?
2
Let r(q) = -q - 4. Let b be r(-6). Suppose 0 = 5*j - 0*j + 4*x - 1058, b*j - 410 = 5*x. Suppose -z + 4*z = j. What is the tens digit of z?
7
Let r(t) = -t**2 + 7. Let i be r(5). Let j = i - -21. What is the units digit of j?
3
Let j = 78 - 45. Let y(i) = -2*i + 108. Let k be y(-19). Suppose -5*o - 3*l - j = -k, -l = o - 21. What is the tens digit of o?
2
Let p be -2 + (-1 - -9) + -3. Suppose -4*y - 4*f + 48 = 0, y - p*f - 9 = 11. What is the units digit of 12/(-42) + 144/y?
0
Let r(n) = -5*n**3 - n**2 + 8*n + 30. What is the units digit of r(-6)?
6
Suppose 0 = 6*r - 0*r - 12. Suppose 0 = -3*x - 4*t + 98, -4*t = -3*x + 56 + r. What is the units digit of x?
6
Let b(x) = -x**2 + 11*x - 2. Let z = 25 + -20. What is the tens digit of b(z)?
2
Let w(x) = -57*x - 2. Let o be w(-6). Suppose -2*d = -5*d - g + 510, -2*d - g = -o. What is the tens digit of d?
7
Let w(v) = -v**3 + 6*v**2 - 4*v + 3. Let f be 5/(4/4) + -3. Let s be w(f). Suppose 5*i = -4*l + s, i - 5*l - 1 - 7 = 0. What is the units digit of i?
3
Suppose -4*l + 11 = -3*q, -q = -9*l + 4*l + 22. Suppose -l*t + 108 = 5*s - 202, -245 = -4*s - t. What is the tens digit of s?
6
Let h be (-13 - -1)/((-4)/(-48)*4). What is the units digit of 75/2*(-48)/h?
0
Let j = 42 + -33. What is the tens digit of (-11*5)/(j/(-9))?
5
Let u(x) = -2*x**3 + 16*x**2 + 7*x - 11. Suppose -2*w + 14 + 2 = 0. What is the units digit of u(w)?
5
Suppose 5*y - 2*y = 279. Let g = y + -19. What is the units digit of g?
4
Suppose -9*c + 4*c = 0. Let d be (-676)/(-12) + 1/(-3). Suppose -2*r - r + d = -4*v, c = -r + 2*v + 20. What is the tens digit of r?
1
Let x(u) = 145*u**3 - 3*u**2 + 5*u + 3. What is the tens digit of x(2)?
6
Let j = -198 + 670. What is the units digit of j?
2
Let p(l) = -l**2 + 32*l + 14. Let i(x) = x**2 - 32*x - 15. Let o(g) = 2*i(g) + 3*p(g). What is the hundreds digit of o(26)?
1
Let b(u) = 3*u**3 + 6*u**2 - 7*u + 24. What is the tens digit of b(6)?
4
Let c be (-39)/2 - 5/10. Let s be (-15)/c + 35/(-4). Let l(u) = -u - 4. What is the units digit of l(s)?
4
Let w = 42 + -48. What is the units digit of w/9 + (-448)/(-6)?
4
Suppose 0 = 3*l - 2*f - 1434, 26*l - 31*l = -3*f - 2389. What is the tens digit of l?
7
Suppose -32799 = 49*q - 62*q. What is the tens digit of q?
2
Let i(k) = k**2 - 14*k - 15. Let l be i(18). Suppose 0 = -0*y - 3*y + l. Suppose 5*h - 17 = -3*r + y, 19 = r + 4*h. What is the units digit of r?
7
Let r = 4197 + -2479. What is the thousands digit of r?
1
Let n(b) = b**3 - 7*b - 12. Let s be (-15 - 0)*(20/12 - 2). What is the units digit of n(s)?
8
Let y be (96/(-20))/(6/(-105)). Let k = -143 + y. Let m = -35 - k. What is the tens digit of m?
2
Let f(o) = 4*o - 10. Suppose -17 = 3*q + 5*k, 4*k + 5 = -k. Let w be f(q). Let m = -11 - w. What is the tens digit of m?
1
Suppose 25 = 3*b + 2*b. What is the units digit of (4 - 9)*(-37)/b?
7
Let v = -11 + 9. Let g = 14 + v. What is the tens digit of (-3)/g + (-109)/(-4)?
2
Let i = 54 + -76. Let u = i + 19. What is the units digit of -1*(-4 - u)*1?
1
Suppose g - 561 = 134. What is the hundreds digit of g?
6
Let y(v) = v + 15. Let a be y(-13). Let u(h) = 6*h**2 + h**2 + h - 6*h**a + h**3. What is the units digit of u(3)?
9
Suppose 5*o - 329 = -6*r + 3*r, 4*r - 5*o = 392. Let m = 186 - r. What is the tens digit of m?
8
Let r(b) = -2*b**3 + 32*b**2 + 3*b - 13. What is the tens digit of r(15)?
8
Let p(j) = -j**3 - 10*j**2 - 17*j - 3. Suppose -4*g - 4 = 36. What is the units digit of 